{"version":"1.0","provider_name":"Csal\u00e1di \u00e9let a gy\u00e1m\u00fcgy nyom\u00e1sa alatt","provider_url":"https:\/\/pilcz.cafeblog.hu","author_name":"pilczr@freemail.hu","author_url":"https:\/\/pilcz.cafeblog.hu\/author\/pilczrfreemail-hu\/","title":"T\u00e1rgyal\u00e1s...","html":"<p style=\"text-align: center\">Hello<\/p>\r\n<p>Mai nap kicsit s\u0171r\u0171 volt. Munka\u00fcgyi dumcsi, ut\u00e1na j\u00f6tt a t\u00e1rgyal\u00e1s a csal\u00e1d seg\u00edt\u0151 feljelent\u00e9s\u00e9re. Id\u0151re ott voltam, erre k\u00f6zli a b\u00edr\u00f3n\u0151, hogy a csal\u00e1d seg\u00edt\u0151 visszamondta a pert. Fasza, \u00e9n ott voltam. De minek. Viszont ezen az \u00fcgysz\u00e1mon az ellenper folytat\u00f3dik. Majd j\u00f6n a b\u00e9k\u00e9ltet\u0151r\u00f6l a beid\u00e9z\u00e9s. \u00c1llok el\u00e9be. Ut\u00e1na per.\u00a0<\/p>\r\n<p>Az ember ezt mire v\u00e9lje. Ezt a feljelent\u00e9st annak sz\u00e1nt\u00e1k, hogy majd bekaksizom t\u00e9vednek. Tudom \u00f6nfej\u0171 vagyok sokan mondj\u00e1k, de az ember hagyja, hogy a fej\u00e9re sz....janak? Vagy, hogy a gyerekek idegenhez mer\u00fclve tot\u00e1lisan bekattanjanak? H\u00e9tv\u00e9g\u00e9n sz\u00f3rakozunk, vagy \u00edgy, vagy \u00fagy. Ott volt a kom\u00e1romi \u00fat is. Kett\u0151 az egyben. Mentem a G\u00f6r\u00e9ny\u00e9rt, \u00e9s ut\u00e1na meg az er\u0151d. Eg\u00e9sz napos program volt. Az\u00f3ta a g\u00f6ri a kedvenc kateg\u00f3ri\u00e1ban van. Ny\u00fazz\u00e1k, j\u00e1tszanak vele. Sz\u00f3val j\u00f3l vagyunk.....<\/p>","type":"rich"}

Családi élet a gyámügy nyomása alatt

Tárgyalás...

<p style="text-align: center">Hello</p>
<p>Mai nap kicsit sűrű volt. Munkaügyi dumcsi, utána jött a tárgyalás a család segítő feljelentésére. Időre ott voltam, erre közli a bírónő, hogy a család segítő visszamondta a pert. Fasza, én ott voltam. De minek. Viszont ezen az ügyszámon az ellenper folytatódik. Majd jön a békéltetőröl a beidézés. Állok elébe. Utána per. </p>
<p>Az ember ezt mire vélje. Ezt a feljelentést annak szánták, hogy majd bekaksizom tévednek. Tudom önfejű vagyok sokan mondják, de az ember hagyja, hogy a fejére sz....janak? Vagy, hogy a gyerekek idegenhez merülve totálisan bekattanjanak? Hétvégén szórakozunk, vagy így, vagy úgy. Ott volt a komáromi út is. Kettő az egyben. Mentem a Görényért, és utána meg az erőd. Egész napos program volt. Azóta a göri a kedvenc kategóriában van. Nyúzzák, játszanak vele. Szóval jól vagyunk.....</p>
